(4 - 0)) + (-12 - (-5 + 3))
-12
What is (22 - 29) + (20 - 2) + (-7 - -6)?
10
Evaluate (-38 - -12 - -58) + -31.
1
Evaluate ((-11 - -7) + -2 - 4) + 3.
-7
What is the value of 3 - (8 + 4 + -3 - 6)?
0
Calculate -1552 + 1538 - (-5 + 1 + 1).
-11
What is -20 + -20 + 25 + 4?
-11
Calculate -9 + -5 + 13 + -6.
-7
Calculate 0 - 1 - 18 - (4 + -89 + 86).
-20
0 + -1 - (132 - 121)
-12
Evaluate -34 + -10 + 25 + 11.
-8
What is the value of 5 + (3 + -5 - 9 - -3) - -12?
9
Evaluate -43 - -46 - (2 - (10 - 6)).
5
What is 0 + 3 + 4 + (-2 - (-7 - -1))?
11
Evaluate -288 + 276 + (11 + 3 - -3).
5
Calculate (-1 - 5) + 22 + -39 + 7.
-16
What is 16 + 1 - (69 - 41)?
-11
What is -12 - (-14 + -9) - (-3 - -23)?
-9
Evaluate 4 - (33 + -12 - 5).
-12
Calculate -50 + 60 + 3 + (0 - 0).
13
Evaluate -2 + -25 + (6 - -3).
-18
What is the value of 1 - -15 - 1 - (163 + -155)?
7
What is the value of -16 - (-19 - (3 + -9))?
-3
What is 9 - (25 + -10 - (-6 + 5 + -5))?
-12
What is -7 - (-4 + (7 - 11) + 5)?
-4
-1 + (-15 - -11) + 3 + 13
11
What is the value of -5 + 0 + ((8 - 10) + 25 - 10)?
8
What is (-2 - -2) + 2 + -6 + -48 + 57?
5
Calculate -4 - (6 + -3 + (2 - 2) - 4).
-3
What is (133 - 138) + (9 - -1) + -4?
1
What is the value of -5 + 1 - (-1 - 46 - (-247 - -231))?
27
What is the value of (-25 - 1) + 54 + -25 + -27?
-24
(-12 - (-8 + (1 - -3))) + 9
1
Calculate (0 - (15 + -9 - -1)) + (-5 - -14).
2
-5 + (2 - 4) - ((-3 - 14) + 14)
-4
Calculate 3 + (-25 - -9) + (0 + 0 - -7).
-6
What is 1058 - 1045 - (-1 + 2)?
12
Calculate (111 - 150) + 5 + -2 + 14.
-22
What is the value of -33 + 94 - (-1 + 27)?
35
Calculate -10 + (-3 - (0 + -21)) + -9.
-1
What is (2 + -2 - (175 + -164)) + 37?
26
Evaluate 16 + (45 - 46) - 23.
-8
What is the value of 2 + 41 - (291 - 251)?
3
(144 - 139) + (15 + -3 - -1)
18
What is the value of 0 + -10 - (2 - (7 - (-8 - -17)))?
-14
What is the value of 12 + (0 - (4 + 2) - (-8 - -7))?
7
Calculate -14 + -1 + (221 - 216).
-10
5 - 5 - ((-33 - 16) + 13 - -14)
22
Calculate 1 + 6 - 22 - -10.
-5
Evaluate 183 + -183 - (1 + -8 + 2).
5
Evaluate 1 + -12 - (-6 - 0).
-5
Evaluate -22 - (5 - 11) - -3.
-13
Calculate 0 + -2 - (1 + -1 + (20 - 37)).
15
What is 9 - (20 + -5 - (14 - 7))?
1
Calculate 45 + (15 - 34) - (-4 + 2 + 2).
26
Evaluate (11 + (-14 - 1) - 11) + -4.
-19
Calculate 28 + -17 + -14 + -13.
-16
Evaluate 12 + -20 + 20 + -10.
2
Calculate 1 - ((-8 - -6) + -4 + -17).
24
What is the value of 16 + (-4 - (-6 + 20))?
-2
What is the value of (-37 - (43 + -49)) + 0 + 6 + 1?
-24
What is -103 + 105 + -7 + 1 + -1 + -6?
-11
What is 12 + -12 + (-19 - -13) + -15?
-21
Evaluate 20 + -1 - (438 + -413).
-6
What is (-1 + -15 - (-54 - -53)) + 8?
-7
Evaluate -3 + 1 - (-109 + 131) - (9 - 3).
-30
Evaluate 50 + (34 - (-30 + 101)).
13
10 + -1 + 3 + 8
20
Evaluate 4 - -5 - (12 - -9).
-12
What is (49 - (28 - -13)) + -19?
-11
What is -52 + 52 + (0 - -6)?
6
Evaluate -4 + 9 + 3 + (1 - 3).
6
118 + -130 - (-9 + 1 + 2)
-6
8 + (-4 + -3 - -4) + 0 + 16
21
Calculate -1 + 1 + -10 - -5 - 6.
-11
Calculate -14 + -2 + (4 - 1).
-13
What is the value of 9 - (-3 + -10 + -27 + 41)?
8
-4 + (48 - 53) + -9 + -1
-19
Evaluate -1 + 11 + (7 - 29).
-12
-3 + (17 - 10) - 6
-2
What is -6 - 1 - (-252 - -254)?
-9
What is (-6 + 1 - 1) + (-5 - (-11 - -5))?
-5
What is the value of 146 + -158 - (1 + -1 + (5 - 9))?
-8
What is the value of -15 + -7 + 11 + 3?
-8
What is the value of -16 + (10 - (38 + -55))?
11
Calculate 1157 - 1154 - (-1 - -7).
-3
Evaluate 13 + 3 + -25 + (0 - -5).
-4
What is 6 - (-3 - (-10 + 0 - -12))?
11
Calculate -31 + 2 + 30 + 8 + (1 - 0).
10
Evaluate 13 - (17 + (-21 - -4)).
13
What is (-121 - -110) + (-5 - -2)?
-14
Calculate -26 - (-13 - (-8 + 22)).
1
3 - (4 + -8 + -1)
8
(-8 + -1 - -5) + -9
-13
What is 4 - 14 - -7 - (-3 - 5)?
5
4 + 18 + (6 - 20)
8
Evaluate (-2 - -8) + (14 - (-5 + 12)).
13
(82 - (38 - 0)) + -14
30
Evaluate 7 + (-2 - (-14 - -8)) + 7.
18
Calculate 11 + (2 + 1 - (69 - 66) - 6).
5
Calculate -17 + 6 - -8 - -10.
7
Evaluate (-5 - (5 + -2)) + 267 + -248.
11
Evaluate (6 - -8) + (-6 - 15).
-7
What is the value of -39 + 27 - (-20 + -2) - (-13 - 1)?
24
What is the value of 17 - (11 + (-12 - -5))?
13
Evaluate -15 + (38 - 37) + -8.
-22
What is 13 - -2 - (353 + -344)?
6
What is -29 + (16 - 24 - -21)?
-16
Calculate -7 - -18 - 30 - -20.
1
-24 + -14 + 17 - -19
-2
(0 - (-27 + 5)) + -7 + -15 + 11
11
16 + -11 + (-30 - -18)
-7
Calculate (7 + 2 - (0 - 10 - -11)) + 6.
14
1 + 1 + 7 - (-107 + 96)
20
Calculate -87 + 93 - (3 - 0) - 11 - 11.
-19
Calculate 4 - ((-1 - 1) + 62 + -56) - 18.
-18
Calculate -25 + 49 + -35 + -2.
-13
What is the value of -9 - -2 - -23 - ((-3 - 0) + 11)?
8
8 + -1 + (-11 - -20 - 5) - -2
13
What is -14 + (-5 - -17) + 7?
5
Calculate 118 - 98 - (2 - -9) - 12.
-3
(-5 - -11) + -8 - -2
0
What is the value of -55 + 54 + (3 - 0)?
2
Calculate 0 + (2 + -2 - 3) - 5.
-8
Evaluate 5 + -2 + (-45 - -43) + -10.
-9
40 - (39 + (21 - 32))
12
What is 4 + (28 + -11 - (1 - 1)) + -9?
12
What is the value of 13 + 0 + -3 - 8?
2
Evaluate 3 - (13 - (-28 + 19)).
-19
Evaluate -15 + (38 + 46 - 46).
23
What is -26 - (26 + -93 + 24)?
17
What is the value of -7 - (-5 - (4 + (3 - -6 - 3)))?
8
What is the value of -50 + 18 - -64 - 10?
22
Evaluate -3 + -7 + (-1 - -5) + 8.
2
Calculate (-71 - -79) + (20 - 6).
22
6 - (13 + -4 - -8)
-11
What is the value of -205 + 165 - (-12 - -3)?
-31
What is the value of (9 - (-1 - -7) - (7 + -16)) + -4?
8
What is -16 + (3 - 0 - -4) + 8 + -24?
-25
Calculate 3 - -4 - 11 - 4.
-8
Calculate -10 + (-41 + 21 - -29).
-1
What is 7 + -6 - -8 - 9 - -4?
4
-11 - (-5 + 1) - -13
6
Calculate 0 + 5 + (1 - 7) - -12.
11
What is 15 - 3 - (-41 + 53)?
0
What is the value of (18 - (17 - 9)) + -17?
-7
Calculate -5 + 7 + (2 - 2 - (-6 - 3)).
11
(1 - 6) + -11 + (1 - (6 + -17))
-4
Evaluate -7 - (4 + 18 - 61).
32
Evaluate (19 - -54 - 31) + -11.
31
What is the value of 15 + (0 - 9 - 0)?
6
What is the value of (-5 - 1 - -3) + -22?
-25
What is 10 - (15 - (10 + -10)) - 19?
-24
Calculate 10 + -7 + -2 + 1 + -2.
0
Calculate 17 + -26 + -14 + -2 + 24.
-1
What is -2 + 6 + 2 + 8 + -31?
-17
Evaluate (2 - (17 + 2)) + 32.
15
Evaluate 118 + -101 + (-32 - -2).
-13
Calculate 8 - (-4 + 1 + (10 - 8)).
9
What is the value of 19 + -10 + -16 + 4 + (0 - 3)?
-6
Evaluate 0 + 0 + 5 + (1 - -2) + 1.
9
Calculate 16 - (15 + -28 + 20) - (-1 - -1).
9
Evaluate -3 - (-59 + 6 + 42 + -1 + -31).
40
What is -12 + -7 + (-7 - -3) + 6?
-17
Evaluate 29 + -12 + -3 + -4.
10
Evaluate 19 + (1 + 1 + 9 - (3 + 7)).
20
5 - ((-209 - -205) + (-11 - -1))
19
What is the value of (26 - (5 + 10)) + -19?
-8
-15 - (18 + -16 - 0)
-17
Calculate 0 - 4 - (-6 - 12 - -15 - -7).
-8
Calculate 2 + (-3 - (-1 + -5)) + -5.
0
Calculate (13 - (1 + (8 - -2))) + -4.
-2
Calculate 5 - -16 - (-25 - -37).
9
6 + 4 + -8 + 2 + 4
8
Evaluate (-1 - (-1 + 0) - 1) + 1556 + -1560.
-5
-20 - 1 - (3 - 2) - (-415 - -422)
-29
Evaluate -2 + -11 + 23 + -15 + (25 - 2).
18
What is the value of -1 - ((-10 - -2) + 7)?
0
Calculate -464 + 474 - (3 - 25).
32
Evaluate -6 + 39 + 9 + -2 - 1.
39
Evaluate 30 + (-32 - 15 - -28).
11
What is (18 - 16) + 6 - (-5 + 19)?
-6
0 + -1 - (-51 + 31 - -14)
5
Calculate -15 + 1 + -1 - (-334 - -328).
-9
Calculate -16 + (-8 - (18 + -6 + -12)).
-24
Evaluate -4 + (-21 - -14) - 7.
-18
What is -52 - (-31 + -1) - -4?
-16
What is 5 - ((-4 - 0) + -9) - (80 + -84)?
22
-15 - (13 + -23 + 9 + 0 + -5)
-9
What is 93 + -97 + (5 - (2 + -4))?
3
What is the value of 33 - 28 - (-6 + 2 + -8)?
17
-10 + (5 - -2 - (4 + -24))
17
Calculate 30 - (41 + -16) - (2 + -1 + 10).
-6
Calculate 3 + 4 - (-18 - -27).
-2
What is (5 - -2) + 0 + -14 - 0?
-7
Calculate (3 + -2 + 2 - 12) + 2.
-7
Evaluate 8 - -7 - (62 + -32).
-15
Calculate 3 + (-7 - 17) - -10 - 26 - -1.
-36
Calculate -5 + (-3 - -16) - 12.
-4
What is 0 + (4 - -13) - -5?
22
Evaluate (0 - 0 - 6 - -10) + -2 + 6.
8
Calculate 3 + (8 - (-7 + 18 + 0)).
0
Evaluate (-10 - 7) + 33 + -18.
-2
Evaluate -115 - -128 - (1 + 2) - -8.
18
(-13 + 37 - 15) + -15 + 4 + 5
3
Evaluate (-7 - -16) + 18 - (0 + 7).
20
Evaluate (1 - 9 - ((-14 - -29) + -5)) + 2.
-16
4 - (2 - 22) - (-2 + 8 + 0)
18
What is 12 - (4 + -3 + 9) - 16?
-14
(-6 - (-2 + -10)) + -1 - (2 - 1)
4
Evaluate 19 + 13 + -19 - 11.
2
Evaluate -13 - ((-3 - 2) + 10) - (102 - 95).
-25
Calculate -8 + (3 + -5 - -4) + 6.
0
(0 + 1 - (-6 + 17)) + 25
15
What is the value of -17 - -